 a be 16 + (4 - -12)/4. Let j(b) = -b + 19. Let x be j(7). Let q be 330*(x + -8)*2/12. What is the greatest common factor of q and a?
20
Let w(g) = -38 + 21*g**2 + 18 + 782*g - 746*g. Let v be w(-5). What is the highest common divisor of v and 39?
13
Suppose -561*g + 575*g - 2240 = 0. Suppose -3*d + 47 = -13. Calculate the highest common divisor of d and g.
20
Let m be (-14 - -48) + 0*(-5)/15. Suppose -3*h = 5*w - 1, 2*w - 2*h - 10 + 0 = 0. What is the greatest common factor of w and m?
2
Let n(r) = -734*r + 5249. Let z be n(7). Suppose u = -3*h + 43, -49 - 29 = -2*u - 2*h. What is the highest common divisor of u and z?
37
Let o(u) = -u**2 + 19*u - 57. Let k = 167 + -160. Let x be o(k). Suppose -2*i = -183 - 87. What is the greatest common divisor of x and i?
27
Suppose -117*i + 120*i = 144. Let h(r) = -25*r - 59. Let m be h(-5). What is the greatest common factor of i and m?
6
Suppose f + 2*l = -2, -12*f - 33 = -13*f + 5*l. Calculate the highest common factor of 25 and f.
1
Let i(h) = 39*h - 6 + h**3 - 8 + 17 - 5 - 18*h**2. Let z be i(16). Calculate the highest common factor of z and 15.
5
Let h(u) = 4*u**2 - 20*u + 106. Let p be h(-8). What is the greatest common divisor of 666 and p?
18
Suppose 0 = -3*s + 2*s + 43. Let h = s + -95. Let l be (h/10 - -3)/(4/(-20)). Calculate the greatest common factor of 121 and l.
11
Let a be -14*2*(16 + -17). Suppose 21*f + 462 = 32*f. Calculate the greatest common factor of f and a.
14
Suppose 239*a - 434*a = -2774655. Calculate the highest common divisor of 85 and a.
17
Let s(c) be the third derivative of 0*c + 11/6*c**3 + 0 - 2*c**2 + 1/24*c**4. Let o be s(-6). Calculate the highest common divisor of 55 and o.
5
Let s = 1960 + -481. Let r = s - 673. What is the highest common factor of r and 62?
62
Let h = 292 - 76. Suppose u - 70 = -4*d, 4*d = 9 + 7. Calculate the greatest common divisor of h and u.
54
Suppose -2*h = 3*o + 55, 2*o - 4*h + 73 - 15 = 0. Let u be ((49/7)/o)/(1/(-42)). What is the highest common factor of u and 112?
14
Let u = 552 - 179. What is the highest common factor of u and 3?
1
Suppose 29 = d + b, 0 = 42*d - 41*d - 5*b + 1. Calculate the greatest common factor of d and 10980.
12
Let g be (8/44 - 23910/220)*-6. Calculate the greatest common factor of 6 and g.
3
Suppose 4*h = 3*o - o - 10, 0 = o - h - 7. Let l(z) = -z**3 + 11*z**2 - 10*z - 24. Let d be l(o). What is the highest common divisor of 168 and d?
24
Let x = 208 + -26. Let b = 36 - 8. Calculate the highest common factor of b and x.
14
Suppose -140 = -4*u - 124. Suppose 6 = -21*g + 18*g, -u*m = -g - 1634. What is the greatest common factor of m and 68?
68
Let u(c) = -2*c**3 - 13*c**2 - 6*c + 14. Let o be u(-6). Suppose 3*k + 572 = o*k. What is the greatest common factor of 130 and k?
26
Suppose 3*p + 96 = 3*r, -5*r + 4*p = 5*p - 160. Suppose -v + 3*g = -r, 24 = 9*v - 8*v - g. What is the greatest common factor of 100 and v?
20
Suppose 0 = -4*s - 3*r + 8, -4*s + 2*r = -2*s - 18. Let h(a) = 84*a + 12. Let f be h(s). Suppose -w + f = 3*w. Calculate the greatest common factor of w and 27.
27
Let z be 429/3*(-3)/(-3). Let k = -3141 - -3167. Calculate the greatest common divisor of z and k.
13
Suppose 10*k + 161*k + 11102 = 186206. What is the greatest common factor of 160 and k?
32
Let k(z) = -z**2 + 2*z + 24. Let c be k(0). Let w be 34 + (-2)/(-7) + 46/(-14). Suppose -w + 1615 = 6*j. Calculate the greatest common factor of c and j.
24
Let c(r) = r**2 - 9*r - 2. Let l be c(8). Let n be -25*1*4/l. Let o be (390/(-29575)*-35)/(3/130). Calculate the highest common factor of o and n.
10
Let s = -15881 - -15910. What is the greatest common factor of s and 3509?
29
Let c be (-137541)/(-3) + -2*10/20. Let x be (-1)/14*-2 - c/(-126). Calculate the greatest common divisor of 39 and x.
13
Let k(p) = 1398*p + 18. Let b be k(0). What is the greatest common divisor of b and 1413?
9
Let t = -57 + 32. Let s = t + 27. Suppose -4*p + 36 = -s*p. What is the greatest common divisor of 36 and p?
18
Let m = 5525 + -5390. What is the greatest common divisor of m and 1917?
27
Let y(g) be the first derivative of 53*g**4/4 + g**3 - 7*g**2/2 + 4*g + 14. Let s be y(2). Let f = s + -250. What is the highest common factor of 16 and f?
16
Suppose 2*c + 134 = -u - 33, -5*u - 855 = 5*c. Let g = 196 + u. Calculate the greatest common divisor of g and 168.
21
Suppose -3*u + 23 - 56 = 0. Let b(t) = -8*t - 8. Let m be b(u). Let w be (128/20)/((-2)/(-10)). What is the highest common factor of w and m?
16
Suppose 0 = c - 0 - 6. Let w(k) = 5*k**2 - 4 + k - c*k**2 + 3 + 10*k**3. Let l be w(1). Calculate the greatest common divisor of l and 15.
3
Suppose -m - 55 + 60 = 4*d, -2*d + 7 = m. What is the highest common divisor of 4449 and m?
3
Let q(r) = r**2 - 11*r - 31. Let j be q(-4). Suppose 139 = 6*c - j. Calculate the highest common divisor of c and 7.
7
Suppose 5*h + 1372 = -3*v + 10*h, v = -h - 444. Let m = 736 + v. Calculate the greatest common factor of m and 164.
41
Suppose -16*y - 216 = 2*y. Let c be 2 + y*(-48)/9. What is the highest common factor of c and 22?
22
Suppose 64*h - 67*h + 15 = 0. Suppose 3*d + 1 = -h, -4*b - 3*d = -2. Suppose -2 - 22 = -b*u. What is the greatest common divisor of 12 and u?
12
Let l(x) = -60*x - 357. Let y = 702 - 708. Let s be l(y). What is the highest common divisor of s and 27?
3
Let q = -478 - -734. Suppose -5*t - 219 = q. Let n = 165 + t. Calculate the greatest common factor of 7 and n.
7
Suppose -3*j = -j + 4. Let g(o) be the first derivative of -67*o**2 - 4*o - 7. Let r be g(j). Calculate the greatest common divisor of 24 and r.
24
Suppose 2643 = 61*a - 102. Suppose 43 = 2*l + 7. Calculate the highest common factor of a and l.
9
Let s be ((-30)/(-9))/(3/324). Suppose 1608 = 60*g - 792. Calculate the highest common divisor of g and s.
40
Let u be 23/(-5)*(-347 + 282). What is the greatest common divisor of 575 and u?
23
Suppose -5*x + 20 = 0, -7*d = -2*d + x - 844. Suppose -2*w = 5*l - 206, 3*l + 3*w - 6*w = 132. Calculate the highest common factor of l and d.
42
Let s(c) = 7*c**3 + 211*c**2 - 89*c + 62. Let f be s(-30). Calculate the greatest common factor of 1135 and f.
227
Let l(n) = n**3 + n**2 - 5*n + 48. Let a be l(0). Let g = a + -16. Calculate the greatest common factor of g and 32.
32
Suppose -3*j - 133 = -4*z, -z + 4*j = j - 40. Suppose -35*p + 48 = -z*p. Suppose -p*d + 11*d = -40. What is the highest common factor of 60 and d?
20
Let l(p) be the first derivative of -p**4/4 - 8*p**3 - 12*p**2 - 6*p - 3. Let d be l(-23). Calculate the highest common factor of 136 and d.
17
Suppose u - 31 + 17 = 0. Suppose 4*l + j + 1 = 18, -2*l + 4*j = u. Suppose 53 = l*a - 55. Calculate the greatest common factor of 24 and a.
12
Let z be 308/(-1694) + 213681/33. What is the highest common divisor of 875 and z?
175
Suppose -3 = -3*t - 12. Let g = -2 - t. Let l = 86 - 84. What is the highest common divisor of g and l?
1
Suppose -u + 319 = -2*w, -2*w - 302 = -2*u + 346. Suppose -8*i + u = 217. Calculate the highest common factor of i and 35.
7
Let l be 4*-1 - (-29 - 143/13). Suppose 10*a - 449 = 191. What is the highest common factor of a and l?
4
Let c be ((-5)/3)/(85/(-2244)) + 2 + -10. Suppose -2*p + 152 = g, 4*g - 2*p - p = 564. What is the greatest common factor of c and g?
36
Let a = 4308 - 4275. Calculate the highest common factor of a and 2321.
11
Let z be (-18 - 381)/(-7) + 16. What is the highest common divisor of z and 511?
73
Let b(h) = -101*h - 1077. Let a be b(-33). What is the highest common divisor of 192 and a?
48
Let d be (11220/238)/((-9)/(-315)). What is the highest common factor of d and 770?
110
Suppose 0 = 5*n - 4*o - 155, -5*n + 3*o + 0*o + 150 = 0. What is the highest common factor of n and 1728?
27
Let b(c) = 280*c**2 + 22*c - 2. Let j be b(-1). Calculate the greatest common factor of 32 and j.
32
Suppose -6*x + 276 = 92 - 44. Calculate the highest common factor of 2869 and x.
19
Suppose -2*x + 5*i = 59, -3*i - 15 = -6*i. Let y = x + 36. Calculate the highest common divisor of 1 and y.
1
Suppose -94*j = -3056 + 2586. Calculate the greatest common factor of j and 557.
1
Suppose 3*b + 5*h - 56668 = 0, 4*h - 40619 = -2*b - 2839. Calculate the greatest common factor of b and 71.
71
Suppose -739*k + 761*k - 2729 - 